{"id":3059,"date":"2025-07-03T11:18:13","date_gmt":"2025-07-03T16:18:13","guid":{"rendered":"https:\/\/minegociovale.com\/negocios-en-venta\/?page_id=3059"},"modified":"2025-07-14T11:03:25","modified_gmt":"2025-07-14T16:03:25","slug":"carrito-nuevo","status":"publish","type":"page","link":"https:\/\/minegociovale.com\/negocios-en-venta\/carrito-nuevo\/","title":{"rendered":"Mi Carrito"},"content":{"rendered":"\t\t<div data-elementor-type=\"wp-page\" data-elementor-id=\"3059\" class=\"elementor elementor-3059\" data-elementor-post-type=\"page\">\n\t\t\t\t\t\t<section class=\"elementor-section elementor-top-section elementor-element elementor-element-230ab62 elementor-section-boxed elementor-section-height-default elementor-section-height-default\" data-id=\"230ab62\" data-element_type=\"section\" data-e-type=\"section\">\n\t\t\t\t\t\t<div class=\"elementor-container elementor-column-gap-default\">\n\t\t\t\t\t<div class=\"elementor-column elementor-col-100 elementor-top-column elementor-element elementor-element-6f52b347\" data-id=\"6f52b347\" data-element_type=\"column\" data-e-type=\"column\">\n\t\t\t<div class=\"elementor-widget-wrap elementor-element-populated\">\n\t\t\t\t\t\t<div class=\"elementor-element elementor-element-2320be0e elementor-widget elementor-widget-text-editor\" data-id=\"2320be0e\" data-element_type=\"widget\" data-e-type=\"widget\" data-widget_type=\"text-editor.default\">\n\t\t\t\t<div class=\"elementor-widget-container\">\n\t\t\t\t\t\t\t\t\t\n<div data-block-name=\"woocommerce\/cart\" class=\"wp-block-woocommerce-cart alignwide is-loading wc-block-cart\">\n<div data-block-name=\"woocommerce\/filled-cart-block\" class=\"wp-block-woocommerce-filled-cart-block\">\n<div data-block-name=\"woocommerce\/cart-items-block\" class=\"wp-block-woocommerce-cart-items-block\">\n<div data-block-name=\"woocommerce\/cart-line-items-block\" class=\"wp-block-woocommerce-cart-line-items-block\">\u00a0<\/div>\n\n<div data-block-name=\"woocommerce\/cart-cross-sells-block\" class=\"wp-block-woocommerce-cart-cross-sells-block\">\n<h2 class=\"wp-block-heading has-large-font-size\">Puede que te interese\u2026<\/h2>\n\n<div data-block-name=\"woocommerce\/cart-cross-sells-products-block\" class=\"wp-block-woocommerce-cart-cross-sells-products-block\">\u00a0<\/div>\n<\/div>\n<\/div>\n\n<div data-block-name=\"woocommerce\/cart-totals-block\" class=\"wp-block-woocommerce-cart-totals-block\">\n<div data-block-name=\"woocommerce\/cart-order-summary-block\" class=\"wp-block-woocommerce-cart-order-summary-block\">\n<div data-block-name=\"woocommerce\/cart-order-summary-heading-block\" data-content=\"Totales del carrito\" class=\"wp-block-woocommerce-cart-order-summary-heading-block\">\u00a0<\/div>\n\n<div data-block-name=\"woocommerce\/cart-order-summary-coupon-form-block\" class=\"wp-block-woocommerce-cart-order-summary-coupon-form-block\">\u00a0<\/div>\n\n<div data-block-name=\"woocommerce\/cart-order-summary-totals-block\" class=\"wp-block-woocommerce-cart-order-summary-totals-block\">\n<div data-block-name=\"woocommerce\/cart-order-summary-subtotal-block\" class=\"wp-block-woocommerce-cart-order-summary-subtotal-block\">\u00a0<\/div>\n\n<div data-block-name=\"woocommerce\/cart-order-summary-fee-block\" class=\"wp-block-woocommerce-cart-order-summary-fee-block\">\u00a0<\/div>\n\n<div data-block-name=\"woocommerce\/cart-order-summary-discount-block\" class=\"wp-block-woocommerce-cart-order-summary-discount-block\">\u00a0<\/div>\n\n<div data-block-name=\"woocommerce\/cart-order-summary-shipping-block\" class=\"wp-block-woocommerce-cart-order-summary-shipping-block\">\u00a0<\/div>\n\n<div data-block-name=\"woocommerce\/cart-order-summary-taxes-block\" class=\"wp-block-woocommerce-cart-order-summary-taxes-block\">\u00a0<\/div>\n<\/div>\n<\/div>\n\n<div data-block-name=\"woocommerce\/cart-express-payment-block\" class=\"wp-block-woocommerce-cart-express-payment-block\">\u00a0<\/div>\n\n<div data-block-name=\"woocommerce\/proceed-to-checkout-block\" class=\"wp-block-woocommerce-proceed-to-checkout-block\">\u00a0<\/div>\n\n<div data-block-name=\"woocommerce\/cart-accepted-payment-methods-block\" class=\"wp-block-woocommerce-cart-accepted-payment-methods-block\">\u00a0<\/div>\n<\/div>\n<\/div>\n\n<div data-block-name=\"woocommerce\/empty-cart-block\" class=\"wp-block-woocommerce-empty-cart-block\">\n<h2 class=\"wp-block-heading has-text-align-center with-empty-cart-icon wc-block-cart__empty-cart__title\">\u00a1Tu carrito est\u00e1 actualmente vac\u00edo!<\/h2>\n\n<p class=\"has-text-align-center\"><a href=\"https:\/\/minegociovale.com\/negocios-en-venta\/tienda\/\">Tienda Negocios en Venta<\/a><\/p>\n<hr class=\"wp-block-separator has-alpha-channel-opacity is-style-dots\" \/>\n<h2 class=\"wp-block-heading has-text-align-center\">Nuevo en la tienda<\/h2>\n<div data-block-name=\"woocommerce\/product-new\" data-columns=\"4\" data-rows=\"1\" class=\"wc-block-grid wp-block-product-new wp-block-woocommerce-product-new wc-block-product-new has-4-columns\"><ul class=\"wc-block-grid__products\"><li class=\"wc-block-grid__product\">\n\t\t\t\t<a href=\"https:\/\/minegociovale.com\/negocios-en-venta\/producto\/plan-premium-destacado\/\" class=\"wc-block-grid__product-link\">\n\t\t\t\t\t<div class=\"wc-block-grid__product-onsale\">\n\t\t\t<span aria-hidden=\"true\">Oferta<\/span>\n\t\t\t<span class=\"screen-reader-text\">Producto en oferta<\/span>\n\t\t<\/div>\n\t\t\t\t\t<div class=\"wc-block-grid__product-image\"><img fetchpriority=\"high\" decoding=\"async\" width=\"300\" height=\"300\" src=\"https:\/\/minegociovale.com\/negocios-en-venta\/wp-content\/uploads\/2025\/06\/Plan-Premium-300x300.png\" class=\"attachment-woocommerce_thumbnail size-woocommerce_thumbnail\" alt=\"Plan Premium MiNegocioVale\" srcset=\"https:\/\/minegociovale.com\/negocios-en-venta\/wp-content\/uploads\/2025\/06\/Plan-Premium-300x300.png 300w, https:\/\/minegociovale.com\/negocios-en-venta\/wp-content\/uploads\/2025\/06\/Plan-Premium-150x150.png 150w, https:\/\/minegociovale.com\/negocios-en-venta\/wp-content\/uploads\/2025\/06\/Plan-Premium-768x768.png 768w, https:\/\/minegociovale.com\/negocios-en-venta\/wp-content\/uploads\/2025\/06\/Plan-Premium-60x60.png 60w, https:\/\/minegociovale.com\/negocios-en-venta\/wp-content\/uploads\/2025\/06\/Plan-Premium-600x600.png 600w, https:\/\/minegociovale.com\/negocios-en-venta\/wp-content\/uploads\/2025\/06\/Plan-Premium-100x100.png 100w, https:\/\/minegociovale.com\/negocios-en-venta\/wp-content\/uploads\/2025\/06\/Plan-Premium.png 1000w\" sizes=\"(max-width: 300px) 100vw, 300px\" \/><\/div>\n\t\t\t\t\t<div class=\"wc-block-grid__product-title\">Plan Premium Destacado<\/div>\n\t\t\t\t<\/a>\n\t\t\t\t<div class=\"wc-block-grid__product-price price\"><del aria-hidden=\"true\"><span class=\"woocommerce-Price-amount amount\"><span class=\"woocommerce-Price-currencySymbol\">&#036;<\/span>&nbsp;950.000<\/span><\/del> <span class=\"screen-reader-text\">El precio original era: &#036;&nbsp;950.000.<\/span><ins aria-hidden=\"true\"><span class=\"woocommerce-Price-amount amount\"><span class=\"woocommerce-Price-currencySymbol\">&#036;<\/span>&nbsp;0<\/span><\/ins><span class=\"screen-reader-text\">El precio actual es: &#036;&nbsp;0.<\/span> <small class=\"woocommerce-price-suffix\">+ IVA<\/small><\/div>\n\t\t\t\t\n\t\t\t\t<div class=\"wp-block-button wc-block-grid__product-add-to-cart\"><a href=\"https:\/\/minegociovale.com\/negocios-en-venta\/producto\/plan-premium-destacado\/\" aria-label=\"Lee m\u00e1s sobre &ldquo;Plan Premium Destacado&rdquo;\" data-quantity=\"1\" data-product_id=\"1665\" data-product_sku=\"PLAN-NEGOCIO-PREM-486\" data-price=\"0\" rel=\"nofollow\" class=\"wp-block-button__link  add_to_cart_button\">Leer m\u00e1s<\/a><\/div>\n\t\t\t<\/li><li class=\"wc-block-grid__product\">\n\t\t\t\t<a href=\"https:\/\/minegociovale.com\/negocios-en-venta\/producto\/valoracion-negocios\/\" class=\"wc-block-grid__product-link\">\n\t\t\t\t\t<div class=\"wc-block-grid__product-onsale\">\n\t\t\t<span aria-hidden=\"true\">Oferta<\/span>\n\t\t\t<span class=\"screen-reader-text\">Producto en oferta<\/span>\n\t\t<\/div>\n\t\t\t\t\t<div class=\"wc-block-grid__product-image\"><img decoding=\"async\" width=\"300\" height=\"300\" src=\"https:\/\/minegociovale.com\/negocios-en-venta\/wp-content\/uploads\/2025\/06\/Valoracion-de-negocio-300x300.png\" class=\"attachment-woocommerce_thumbnail size-woocommerce_thumbnail\" alt=\"Valoraci\u00f3n de negocios\" srcset=\"https:\/\/minegociovale.com\/negocios-en-venta\/wp-content\/uploads\/2025\/06\/Valoracion-de-negocio-300x300.png 300w, https:\/\/minegociovale.com\/negocios-en-venta\/wp-content\/uploads\/2025\/06\/Valoracion-de-negocio-150x150.png 150w, https:\/\/minegociovale.com\/negocios-en-venta\/wp-content\/uploads\/2025\/06\/Valoracion-de-negocio-768x768.png 768w, https:\/\/minegociovale.com\/negocios-en-venta\/wp-content\/uploads\/2025\/06\/Valoracion-de-negocio-60x60.png 60w, https:\/\/minegociovale.com\/negocios-en-venta\/wp-content\/uploads\/2025\/06\/Valoracion-de-negocio-600x600.png 600w, https:\/\/minegociovale.com\/negocios-en-venta\/wp-content\/uploads\/2025\/06\/Valoracion-de-negocio-100x100.png 100w, https:\/\/minegociovale.com\/negocios-en-venta\/wp-content\/uploads\/2025\/06\/Valoracion-de-negocio.png 1000w\" sizes=\"(max-width: 300px) 100vw, 300px\" \/><\/div>\n\t\t\t\t\t<div class=\"wc-block-grid__product-title\">Valora tu negocio<\/div>\n\t\t\t\t<\/a>\n\t\t\t\t<div class=\"wc-block-grid__product-price price\"><del aria-hidden=\"true\"><span class=\"woocommerce-Price-amount amount\"><span class=\"woocommerce-Price-currencySymbol\">&#036;<\/span>&nbsp;950.000<\/span><\/del> <span class=\"screen-reader-text\">El precio original era: &#036;&nbsp;950.000.<\/span><ins aria-hidden=\"true\"><span class=\"woocommerce-Price-amount amount\"><span class=\"woocommerce-Price-currencySymbol\">&#036;<\/span>&nbsp;875.000<\/span><\/ins><span class=\"screen-reader-text\">El precio actual es: &#036;&nbsp;875.000.<\/span> <small class=\"woocommerce-price-suffix\">+ IVA<\/small><\/div>\n\t\t\t\t\n\t\t\t\t<div class=\"wp-block-button wc-block-grid__product-add-to-cart\"><a href=\"?add-to-cart=1703\" aria-label=\"A\u00f1adir al carrito: &ldquo;Valora tu negocio&rdquo;\" data-quantity=\"1\" data-product_id=\"1703\" data-product_sku=\"VALO-ONLI-DIAG-0001\" data-price=\"875000\" rel=\"nofollow\" class=\"wp-block-button__link  add_to_cart_button ajax_add_to_cart\">A\u00f1adir al carrito<\/a><\/div>\n\t\t\t<\/li><\/ul><\/div><\/div>\n<\/div>\n\n<p>\ud83d\udd12 Compra 100% segura.<\/p>\n\n<p>Conoce aqu\u00ed nuestros <a href=\"\/terms-and-condition\">T\u00e9rminos y Condiciones<\/a> y <a href=\"\/privacy-policy\">Pol\u00edtica de Privacidad<\/a><\/p>\n\n<p>\u00a0<\/p>\n\n<p>\u00a0<\/p>\n\t\t\t\t\t\t\t\t<\/div>\n\t\t\t\t<\/div>\n\t\t\t\t\t<\/div>\n\t\t<\/div>\n\t\t\t\t\t<\/div>\n\t\t<\/section>\n\t\t\t\t<\/div>\n\t\t","protected":false},"excerpt":{"rendered":"<p>\ud83d\udd12 Compra 100% segura. Conoce aqu\u00ed nuestros T\u00e9rminos y Condiciones y Pol\u00edtica de Privacidad \u00a0 \u00a0<\/p>\n","protected":false},"author":2,"featured_media":0,"parent":0,"menu_order":0,"comment_status":"closed","ping_status":"closed","template":"","meta":{"footnotes":""},"class_list":["post-3059","page","type-page","status-publish","hentry"],"yoast_head":"<!-- This site is optimized with the Yoast SEO plugin v27.5 - https:\/\/yoast.com\/product\/yoast-seo-wordpress\/ -->\n<title>Mi Carrito - MiNegocioVale<\/title>\n<meta name=\"description\" content=\"Consulta los productos que tienes en tu carrito, actualiza cantidades y avanza al pago de forma r\u00e1pida y sencilla\" \/>\n<meta name=\"robots\" content=\"index, follow, max-snippet:-1, max-image-preview:large, max-video-preview:-1\" \/>\n<link rel=\"canonical\" href=\"https:\/\/minegociovale.com\/negocios-en-venta\/carrito-nuevo\/\" \/>\n<meta property=\"og:locale\" content=\"es_ES\" \/>\n<meta property=\"og:type\" content=\"article\" \/>\n<meta property=\"og:title\" content=\"Mi Carrito - MiNegocioVale\" \/>\n<meta property=\"og:description\" content=\"Consulta los productos que tienes en tu carrito, actualiza cantidades y avanza al pago de forma r\u00e1pida y sencilla\" \/>\n<meta property=\"og:url\" content=\"https:\/\/minegociovale.com\/negocios-en-venta\/carrito-nuevo\/\" \/>\n<meta property=\"og:site_name\" content=\"MiNegocioVale\" \/>\n<meta property=\"article:modified_time\" content=\"2025-07-14T16:03:25+00:00\" \/>\n<meta name=\"twitter:card\" content=\"summary_large_image\" \/>\n<meta name=\"twitter:label1\" content=\"Tiempo de lectura\" \/>\n\t<meta name=\"twitter:data1\" content=\"1 minuto\" \/>\n<script type=\"application\/ld+json\" class=\"yoast-schema-graph\">{\"@context\":\"https:\\\/\\\/schema.org\",\"@graph\":[{\"@type\":\"WebPage\",\"@id\":\"https:\\\/\\\/minegociovale.com\\\/negocios-en-venta\\\/carrito-nuevo\\\/\",\"url\":\"https:\\\/\\\/minegociovale.com\\\/negocios-en-venta\\\/carrito-nuevo\\\/\",\"name\":\"Mi Carrito - MiNegocioVale\",\"isPartOf\":{\"@id\":\"https:\\\/\\\/minegociovale.com\\\/negocios-en-venta\\\/#website\"},\"datePublished\":\"2025-07-03T16:18:13+00:00\",\"dateModified\":\"2025-07-14T16:03:25+00:00\",\"description\":\"Consulta los productos que tienes en tu carrito, actualiza cantidades y avanza al pago de forma r\u00e1pida y sencilla\",\"breadcrumb\":{\"@id\":\"https:\\\/\\\/minegociovale.com\\\/negocios-en-venta\\\/carrito-nuevo\\\/#breadcrumb\"},\"inLanguage\":\"es\",\"potentialAction\":[{\"@type\":\"ReadAction\",\"target\":[\"https:\\\/\\\/minegociovale.com\\\/negocios-en-venta\\\/carrito-nuevo\\\/\"]}]},{\"@type\":\"BreadcrumbList\",\"@id\":\"https:\\\/\\\/minegociovale.com\\\/negocios-en-venta\\\/carrito-nuevo\\\/#breadcrumb\",\"itemListElement\":[{\"@type\":\"ListItem\",\"position\":1,\"name\":\"Portada\",\"item\":\"https:\\\/\\\/minegociovale.com\\\/negocios-en-venta\\\/\"},{\"@type\":\"ListItem\",\"position\":2,\"name\":\"Mi Carrito\"}]},{\"@type\":\"WebSite\",\"@id\":\"https:\\\/\\\/minegociovale.com\\\/negocios-en-venta\\\/#website\",\"url\":\"https:\\\/\\\/minegociovale.com\\\/negocios-en-venta\\\/\",\"name\":\"MiNegocioVale\",\"description\":\"El espacio para crecer el valor de tu negocio\",\"publisher\":{\"@id\":\"https:\\\/\\\/minegociovale.com\\\/negocios-en-venta\\\/#organization\"},\"potentialAction\":[{\"@type\":\"SearchAction\",\"target\":{\"@type\":\"EntryPoint\",\"urlTemplate\":\"https:\\\/\\\/minegociovale.com\\\/negocios-en-venta\\\/?s={search_term_string}\"},\"query-input\":{\"@type\":\"PropertyValueSpecification\",\"valueRequired\":true,\"valueName\":\"search_term_string\"}}],\"inLanguage\":\"es\"},{\"@type\":\"Organization\",\"@id\":\"https:\\\/\\\/minegociovale.com\\\/negocios-en-venta\\\/#organization\",\"name\":\"MiNegocioVale\",\"url\":\"https:\\\/\\\/minegociovale.com\\\/negocios-en-venta\\\/\",\"logo\":{\"@type\":\"ImageObject\",\"inLanguage\":\"es\",\"@id\":\"https:\\\/\\\/minegociovale.com\\\/negocios-en-venta\\\/#\\\/schema\\\/logo\\\/image\\\/\",\"url\":\"https:\\\/\\\/minegociovale.com\\\/negocios-en-venta\\\/wp-content\\\/uploads\\\/2025\\\/06\\\/cropped-Logotipo-Color.png\",\"contentUrl\":\"https:\\\/\\\/minegociovale.com\\\/negocios-en-venta\\\/wp-content\\\/uploads\\\/2025\\\/06\\\/cropped-Logotipo-Color.png\",\"width\":1626,\"height\":606,\"caption\":\"MiNegocioVale\"},\"image\":{\"@id\":\"https:\\\/\\\/minegociovale.com\\\/negocios-en-venta\\\/#\\\/schema\\\/logo\\\/image\\\/\"}}]}<\/script>\n<!-- \/ Yoast SEO plugin. -->","yoast_head_json":{"title":"Mi Carrito - MiNegocioVale","description":"Consulta los productos que tienes en tu carrito, actualiza cantidades y avanza al pago de forma r\u00e1pida y sencilla","robots":{"index":"index","follow":"follow","max-snippet":"max-snippet:-1","max-image-preview":"max-image-preview:large","max-video-preview":"max-video-preview:-1"},"canonical":"https:\/\/minegociovale.com\/negocios-en-venta\/carrito-nuevo\/","og_locale":"es_ES","og_type":"article","og_title":"Mi Carrito - MiNegocioVale","og_description":"Consulta los productos que tienes en tu carrito, actualiza cantidades y avanza al pago de forma r\u00e1pida y sencilla","og_url":"https:\/\/minegociovale.com\/negocios-en-venta\/carrito-nuevo\/","og_site_name":"MiNegocioVale","article_modified_time":"2025-07-14T16:03:25+00:00","twitter_card":"summary_large_image","twitter_misc":{"Tiempo de lectura":"1 minuto"},"schema":{"@context":"https:\/\/schema.org","@graph":[{"@type":"WebPage","@id":"https:\/\/minegociovale.com\/negocios-en-venta\/carrito-nuevo\/","url":"https:\/\/minegociovale.com\/negocios-en-venta\/carrito-nuevo\/","name":"Mi Carrito - MiNegocioVale","isPartOf":{"@id":"https:\/\/minegociovale.com\/negocios-en-venta\/#website"},"datePublished":"2025-07-03T16:18:13+00:00","dateModified":"2025-07-14T16:03:25+00:00","description":"Consulta los productos que tienes en tu carrito, actualiza cantidades y avanza al pago de forma r\u00e1pida y sencilla","breadcrumb":{"@id":"https:\/\/minegociovale.com\/negocios-en-venta\/carrito-nuevo\/#breadcrumb"},"inLanguage":"es","potentialAction":[{"@type":"ReadAction","target":["https:\/\/minegociovale.com\/negocios-en-venta\/carrito-nuevo\/"]}]},{"@type":"BreadcrumbList","@id":"https:\/\/minegociovale.com\/negocios-en-venta\/carrito-nuevo\/#breadcrumb","itemListElement":[{"@type":"ListItem","position":1,"name":"Portada","item":"https:\/\/minegociovale.com\/negocios-en-venta\/"},{"@type":"ListItem","position":2,"name":"Mi Carrito"}]},{"@type":"WebSite","@id":"https:\/\/minegociovale.com\/negocios-en-venta\/#website","url":"https:\/\/minegociovale.com\/negocios-en-venta\/","name":"MiNegocioVale","description":"El espacio para crecer el valor de tu negocio","publisher":{"@id":"https:\/\/minegociovale.com\/negocios-en-venta\/#organization"},"potentialAction":[{"@type":"SearchAction","target":{"@type":"EntryPoint","urlTemplate":"https:\/\/minegociovale.com\/negocios-en-venta\/?s={search_term_string}"},"query-input":{"@type":"PropertyValueSpecification","valueRequired":true,"valueName":"search_term_string"}}],"inLanguage":"es"},{"@type":"Organization","@id":"https:\/\/minegociovale.com\/negocios-en-venta\/#organization","name":"MiNegocioVale","url":"https:\/\/minegociovale.com\/negocios-en-venta\/","logo":{"@type":"ImageObject","inLanguage":"es","@id":"https:\/\/minegociovale.com\/negocios-en-venta\/#\/schema\/logo\/image\/","url":"https:\/\/minegociovale.com\/negocios-en-venta\/wp-content\/uploads\/2025\/06\/cropped-Logotipo-Color.png","contentUrl":"https:\/\/minegociovale.com\/negocios-en-venta\/wp-content\/uploads\/2025\/06\/cropped-Logotipo-Color.png","width":1626,"height":606,"caption":"MiNegocioVale"},"image":{"@id":"https:\/\/minegociovale.com\/negocios-en-venta\/#\/schema\/logo\/image\/"}}]}},"jetpack_sharing_enabled":true,"_links":{"self":[{"href":"https:\/\/minegociovale.com\/negocios-en-venta\/wp-json\/wp\/v2\/pages\/3059","targetHints":{"allow":["GET"]}}],"collection":[{"href":"https:\/\/minegociovale.com\/negocios-en-venta\/wp-json\/wp\/v2\/pages"}],"about":[{"href":"https:\/\/minegociovale.com\/negocios-en-venta\/wp-json\/wp\/v2\/types\/page"}],"author":[{"embeddable":true,"href":"https:\/\/minegociovale.com\/negocios-en-venta\/wp-json\/wp\/v2\/users\/2"}],"replies":[{"embeddable":true,"href":"https:\/\/minegociovale.com\/negocios-en-venta\/wp-json\/wp\/v2\/comments?post=3059"}],"version-history":[{"count":0,"href":"https:\/\/minegociovale.com\/negocios-en-venta\/wp-json\/wp\/v2\/pages\/3059\/revisions"}],"wp:attachment":[{"href":"https:\/\/minegociovale.com\/negocios-en-venta\/wp-json\/wp\/v2\/media?parent=3059"}],"curies":[{"name":"wp","href":"https:\/\/api.w.org\/{rel}","templated":true}]}}