{"id":2922,"date":"2025-06-23T18:16:19","date_gmt":"2025-06-23T23:16:19","guid":{"rendered":"http:\/\/minegociovale.com\/negocios-en-venta\/?page_id=2922"},"modified":"2025-11-30T19:35:03","modified_gmt":"2025-12-01T00:35:03","slug":"nuestros-planes","status":"publish","type":"page","link":"https:\/\/minegociovale.com\/negocios-en-venta\/nuestros-planes\/","title":{"rendered":"Nuestros Planes"},"content":{"rendered":"\t\t<div data-elementor-type=\"wp-page\" data-elementor-id=\"2922\" class=\"elementor elementor-2922\" data-elementor-post-type=\"page\">\n\t\t\t\t\t\t<section class=\"elementor-section elementor-top-section elementor-element elementor-element-0b071a9 elementor-section-boxed elementor-section-height-default elementor-section-height-default\" data-id=\"0b071a9\" data-element_type=\"section\" data-e-type=\"section\">\n\t\t\t\t\t\t<div class=\"elementor-container elementor-column-gap-default\">\n\t\t\t\t\t<div class=\"elementor-column elementor-col-100 elementor-top-column elementor-element elementor-element-4471883\" data-id=\"4471883\" data-element_type=\"column\" data-e-type=\"column\">\n\t\t\t<div class=\"elementor-widget-wrap elementor-element-populated\">\n\t\t\t\t\t\t<div class=\"elementor-element elementor-element-56930fc elementor-widget elementor-widget-text-editor\" data-id=\"56930fc\" data-element_type=\"widget\" data-e-type=\"widget\" data-widget_type=\"text-editor.default\">\n\t\t\t\t<div class=\"elementor-widget-container\">\n\t\t\t\t\t\t\t\t\t<h1 style=\"text-align: center;\">\u00bfEst\u00e1s listo para vender tu empresa o negocio en Colombia?&nbsp;<\/h1>\n<h2 style=\"text-align: center;\">En MiNegocioVale te ofrecemos una plataforma especializada para publicar tu negocio, atraer interesados y cerrar una venta con respaldo profesional.<\/h2>\t\t\t\t\t\t\t\t<\/div>\n\t\t\t\t<\/div>\n\t\t\t\t\t<\/div>\n\t\t<\/div>\n\t\t\t\t\t<\/div>\n\t\t<\/section>\n\t\t\t\t<section class=\"elementor-section elementor-top-section elementor-element elementor-element-fa740da elementor-section-boxed elementor-section-height-default elementor-section-height-default\" data-id=\"fa740da\" data-element_type=\"section\" data-e-type=\"section\">\n\t\t\t\t\t\t<div class=\"elementor-container elementor-column-gap-default\">\n\t\t\t\t\t<div class=\"elementor-column elementor-col-100 elementor-top-column elementor-element elementor-element-3cc3ed0\" data-id=\"3cc3ed0\" data-element_type=\"column\" data-e-type=\"column\">\n\t\t\t<div class=\"elementor-widget-wrap elementor-element-populated\">\n\t\t\t\t\t\t<div class=\"elementor-element elementor-element-4550138 elementor-widget elementor-widget-heading\" data-id=\"4550138\" data-element_type=\"widget\" data-e-type=\"widget\" data-widget_type=\"heading.default\">\n\t\t\t\t<div class=\"elementor-widget-container\">\n\t\t\t\t\t<h2 class=\"elementor-heading-title elementor-size-default\">Plan Destacado<\/h2>\t\t\t\t<\/div>\n\t\t\t\t<\/div>\n\t\t\t\t<div class=\"elementor-element elementor-element-32a1097 elementor-widget elementor-widget-heading\" data-id=\"32a1097\" data-element_type=\"widget\" data-e-type=\"widget\" data-widget_type=\"heading.default\">\n\t\t\t\t<div class=\"elementor-widget-container\">\n\t\t\t\t\t<h3 class=\"elementor-heading-title elementor-size-default\">Descuento por lanzamiento<\/h3>\t\t\t\t<\/div>\n\t\t\t\t<\/div>\n\t\t\t\t<div class=\"elementor-element elementor-element-868dc9f elementor-widget elementor-widget-text-editor\" data-id=\"868dc9f\" data-element_type=\"widget\" data-e-type=\"widget\" data-widget_type=\"text-editor.default\">\n\t\t\t\t<div class=\"elementor-widget-container\">\n\t\t\t\t\t\t\t\t\t<p style=\"text-align: center;\"><span style=\"color: #666699;\"><strong><del aria-hidden=\"true\"><span class=\"woocommerce-Price-amount amount\"><bdi><span class=\"woocommerce-Price-currencySymbol\">&#36;<\/span>&nbsp;950.000<\/bdi><\/span><\/del> <span class=\"screen-reader-text\">El precio original era: &#036;&nbsp;950.000.<\/span><ins aria-hidden=\"true\"><span class=\"woocommerce-Price-amount amount\"><bdi><span class=\"woocommerce-Price-currencySymbol\">&#36;<\/span>&nbsp;0<\/bdi><\/span><\/ins><span class=\"screen-reader-text\">El precio actual es: &#036;&nbsp;0.<\/span> <small class=\"woocommerce-price-suffix\">+ IVA<\/small><\/strong><\/span><\/p>\t\t\t\t\t\t\t\t<\/div>\n\t\t\t\t<\/div>\n\t\t\t\t<div class=\"elementor-element elementor-element-ed669e5 elementor-widget elementor-widget-text-editor\" data-id=\"ed669e5\" data-element_type=\"widget\" data-e-type=\"widget\" data-widget_type=\"text-editor.default\">\n\t\t\t\t<div class=\"elementor-widget-container\">\n\t\t\t\t\t\t\t\t\t<p style=\"text-align: center;\">M\u00e1xima visibilidad y exposici\u00f3n prioritaria<\/p>\t\t\t\t\t\t\t\t<\/div>\n\t\t\t\t<\/div>\n\t\t\t\t<div class=\"elementor-element elementor-element-5326e72 elementor-align-center elementor-widget elementor-widget-button\" data-id=\"5326e72\" data-element_type=\"widget\" data-e-type=\"widget\" data-widget_type=\"button.default\">\n\t\t\t\t<div class=\"elementor-widget-container\">\n\t\t\t\t\t\t\t\t\t<div class=\"elementor-button-wrapper\">\n\t\t\t\t\t<a class=\"elementor-button elementor-button-link elementor-size-sm\" href=\"\/negocios-en-venta\/producto\/plan-premium-destacado\/\">\n\t\t\t\t\t\t<span class=\"elementor-button-content-wrapper\">\n\t\t\t\t\t\t<span class=\"elementor-button-icon\">\n\t\t\t\t<i aria-hidden=\"true\" class=\"far fa-arrow-alt-circle-right\"><\/i>\t\t\t<\/span>\n\t\t\t\t\t\t\t\t\t<span class=\"elementor-button-text\">Quiero este plan<\/span>\n\t\t\t\t\t<\/span>\n\t\t\t\t\t<\/a>\n\t\t\t\t<\/div>\n\t\t\t\t\t\t\t\t<\/div>\n\t\t\t\t<\/div>\n\t\t\t\t<div class=\"elementor-element elementor-element-2a20048 elementor-widget elementor-widget-text-editor\" data-id=\"2a20048\" data-element_type=\"widget\" data-e-type=\"widget\" data-widget_type=\"text-editor.default\">\n\t\t\t\t<div class=\"elementor-widget-container\">\n\t\t\t\t\t\t\t\t\t<p style=\"text-align: center;\">Es el plan m\u00e1s completo, pensado para negocios que quieren destacarse y atraer m\u00e1s contactos. Tu anuncio ser\u00e1 visible por m\u00e1s tiempo, aparecer\u00e1 primero y tendr\u00e1 una etiqueta visual destacada.<\/p><p style=\"text-align: center;\"><strong>Lista de beneficios<\/strong>:<\/p><p style=\"text-align: center;\">\u2705<strong>Duraci\u00f3n<\/strong>: <b>180 d\u00edas<\/b>. Mayor tiempo, para una mejor exposici\u00f3n de tu negocio ante posibles inversionistas o compradores.<\/p><p style=\"text-align: center;\">\u2705 <strong>1 Anuncio activo<\/strong><\/p><p style=\"text-align: center;\">\u2705<strong>Hasta 20 fotos<\/strong><\/p><p style=\"text-align: center;\">\u2705<strong>Video<\/strong> desde YouTube<\/p><p style=\"text-align: center;\">\u2705<strong>Promoci\u00f3n como negocio destacado<\/strong><\/p><p style=\"text-align: center;\">\u2705Revisi\u00f3n del anuncio por parte de nuestro equipo<\/p>\t\t\t\t\t\t\t\t<\/div>\n\t\t\t\t<\/div>\n\t\t\t\t\t<\/div>\n\t\t<\/div>\n\t\t\t\t\t<\/div>\n\t\t<\/section>\n\t\t\t\t<section class=\"elementor-section elementor-top-section elementor-element elementor-element-e39c682 elementor-section-boxed elementor-section-height-default elementor-section-height-default\" data-id=\"e39c682\" data-element_type=\"section\" data-e-type=\"section\">\n\t\t\t\t\t\t<div class=\"elementor-container elementor-column-gap-default\">\n\t\t\t\t\t<div class=\"elementor-column elementor-col-100 elementor-top-column elementor-element elementor-element-a9d3675\" data-id=\"a9d3675\" data-element_type=\"column\" data-e-type=\"column\">\n\t\t\t<div class=\"elementor-widget-wrap elementor-element-populated\">\n\t\t\t\t\t\t<div class=\"elementor-element elementor-element-24e3f3c elementor-widget elementor-widget-spacer\" data-id=\"24e3f3c\" data-element_type=\"widget\" data-e-type=\"widget\" data-widget_type=\"spacer.default\">\n\t\t\t\t<div class=\"elementor-widget-container\">\n\t\t\t\t\t\t\t<div class=\"elementor-spacer\">\n\t\t\t<div class=\"elementor-spacer-inner\"><\/div>\n\t\t<\/div>\n\t\t\t\t\t\t<\/div>\n\t\t\t\t<\/div>\n\t\t\t\t\t<\/div>\n\t\t<\/div>\n\t\t\t\t\t<\/div>\n\t\t<\/section>\n\t\t\t\t<section class=\"elementor-section elementor-top-section elementor-element elementor-element-5fea41b elementor-section-boxed elementor-section-height-default elementor-section-height-default\" data-id=\"5fea41b\" data-element_type=\"section\" data-e-type=\"section\">\n\t\t\t\t\t\t\t<div class=\"elementor-background-overlay\"><\/div>\n\t\t\t\t\t\t\t<div class=\"elementor-container elementor-column-gap-default\">\n\t\t\t\t\t<div class=\"elementor-column elementor-col-50 elementor-top-column elementor-element elementor-element-989b6b0\" data-id=\"989b6b0\" data-element_type=\"column\" data-e-type=\"column\">\n\t\t\t<div class=\"elementor-widget-wrap elementor-element-populated\">\n\t\t\t\t\t\t<div class=\"elementor-element elementor-element-e0b86d7 elementor-widget elementor-widget-heading\" data-id=\"e0b86d7\" data-element_type=\"widget\" data-e-type=\"widget\" data-widget_type=\"heading.default\">\n\t\t\t\t<div class=\"elementor-widget-container\">\n\t\t\t\t\t<h2 class=\"elementor-heading-title elementor-size-default\">\u00bfQuieres saber cu\u00e1nto vale tu negocio?<\/h2>\t\t\t\t<\/div>\n\t\t\t\t<\/div>\n\t\t\t\t<div class=\"elementor-element elementor-element-75361f7 elementor-widget elementor-widget-text-editor\" data-id=\"75361f7\" data-element_type=\"widget\" data-e-type=\"widget\" data-widget_type=\"text-editor.default\">\n\t\t\t\t<div class=\"elementor-widget-container\">\n\t\t\t\t\t\t\t\t\t<p>Si tu negocio <span style=\"color: #118777;\"><b>vende hasta $720 millones al a\u00f1o<\/b><\/span>, este servicio te va ayudar a saber cual es el valor de tu negocio! Tambi\u00e9n, te entregamos un diagn\u00f3stico empresarial integral, con recomendaciones pr\u00e1cticas para que puedas continuar creciendo tu negocio.<\/p>\t\t\t\t\t\t\t\t<\/div>\n\t\t\t\t<\/div>\n\t\t\t\t\t<\/div>\n\t\t<\/div>\n\t\t\t\t<div class=\"elementor-column elementor-col-50 elementor-top-column elementor-element elementor-element-7474904\" data-id=\"7474904\" data-element_type=\"column\" data-e-type=\"column\">\n\t\t\t<div class=\"elementor-widget-wrap elementor-element-populated\">\n\t\t\t\t\t\t<div class=\"elementor-element elementor-element-0bcec09 elementor-align-center elementor-widget elementor-widget-button\" data-id=\"0bcec09\" data-element_type=\"widget\" data-e-type=\"widget\" data-widget_type=\"button.default\">\n\t\t\t\t<div class=\"elementor-widget-container\">\n\t\t\t\t\t\t\t\t\t<div class=\"elementor-button-wrapper\">\n\t\t\t\t\t<a class=\"elementor-button elementor-button-link elementor-size-sm\" href=\"\/valora-tu-negocio\">\n\t\t\t\t\t\t<span class=\"elementor-button-content-wrapper\">\n\t\t\t\t\t\t<span class=\"elementor-button-icon\">\n\t\t\t\t<i aria-hidden=\"true\" class=\"far fa-hand-point-right\"><\/i>\t\t\t<\/span>\n\t\t\t\t\t\t\t\t\t<span class=\"elementor-button-text\">\u00a1Quiero conocer el valor de mi negocio!<\/span>\n\t\t\t\t\t<\/span>\n\t\t\t\t\t<\/a>\n\t\t\t\t<\/div>\n\t\t\t\t\t\t\t\t<\/div>\n\t\t\t\t<\/div>\n\t\t\t\t\t<\/div>\n\t\t<\/div>\n\t\t\t\t\t<\/div>\n\t\t<\/section>\n\t\t\t\t<section class=\"elementor-section elementor-top-section elementor-element elementor-element-719f965 elementor-section-boxed elementor-section-height-default elementor-section-height-default\" data-id=\"719f965\" data-element_type=\"section\" data-e-type=\"section\">\n\t\t\t\t\t\t<div class=\"elementor-container elementor-column-gap-default\">\n\t\t\t\t\t<div class=\"elementor-column elementor-col-100 elementor-top-column elementor-element elementor-element-f675ab5\" data-id=\"f675ab5\" data-element_type=\"column\" data-e-type=\"column\">\n\t\t\t<div class=\"elementor-widget-wrap elementor-element-populated\">\n\t\t\t\t\t\t<div class=\"elementor-element elementor-element-9094cfb elementor-widget elementor-widget-spacer\" data-id=\"9094cfb\" data-element_type=\"widget\" data-e-type=\"widget\" data-widget_type=\"spacer.default\">\n\t\t\t\t<div class=\"elementor-widget-container\">\n\t\t\t\t\t\t\t<div class=\"elementor-spacer\">\n\t\t\t<div class=\"elementor-spacer-inner\"><\/div>\n\t\t<\/div>\n\t\t\t\t\t\t<\/div>\n\t\t\t\t<\/div>\n\t\t\t\t<div class=\"elementor-element elementor-element-ff5d946 elementor-widget elementor-widget-heading\" data-id=\"ff5d946\" data-element_type=\"widget\" data-e-type=\"widget\" data-widget_type=\"heading.default\">\n\t\t\t\t<div class=\"elementor-widget-container\">\n\t\t\t\t\t<h2 class=\"elementor-heading-title elementor-size-default\">\u00bfVendes m\u00e1s de $720 millones al a\u00f1o y necesitas valorar tu empresa?<\/h2>\t\t\t\t<\/div>\n\t\t\t\t<\/div>\n\t\t\t\t<div class=\"elementor-element elementor-element-27beead elementor-widget elementor-widget-text-editor\" data-id=\"27beead\" data-element_type=\"widget\" data-e-type=\"widget\" data-widget_type=\"text-editor.default\">\n\t\t\t\t<div class=\"elementor-widget-container\">\n\t\t\t\t\t\t\t\t\t<p style=\"text-align: center;\">No te preocupes! tenemos un servicio especializado de valoraci\u00f3n de empresas para ti!<\/p>\t\t\t\t\t\t\t\t<\/div>\n\t\t\t\t<\/div>\n\t\t\t\t<div class=\"elementor-element elementor-element-35aee9f elementor-align-center elementor-widget elementor-widget-button\" data-id=\"35aee9f\" data-element_type=\"widget\" data-e-type=\"widget\" data-widget_type=\"button.default\">\n\t\t\t\t<div class=\"elementor-widget-container\">\n\t\t\t\t\t\t\t\t\t<div class=\"elementor-button-wrapper\">\n\t\t\t\t\t<a class=\"elementor-button elementor-button-link elementor-size-sm\" href=\"https:\/\/api.whatsapp.com\/send?phone=573105004588\">\n\t\t\t\t\t\t<span class=\"elementor-button-content-wrapper\">\n\t\t\t\t\t\t<span class=\"elementor-button-icon\">\n\t\t\t\t<i aria-hidden=\"true\" class=\"fab fa-whatsapp\"><\/i>\t\t\t<\/span>\n\t\t\t\t\t\t\t\t\t<span class=\"elementor-button-text\">Cont\u00e1ctanos por WhatsApp<\/span>\n\t\t\t\t\t<\/span>\n\t\t\t\t\t<\/a>\n\t\t\t\t<\/div>\n\t\t\t\t\t\t\t\t<\/div>\n\t\t\t\t<\/div>\n\t\t\t\t\t<\/div>\n\t\t<\/div>\n\t\t\t\t\t<\/div>\n\t\t<\/section>\n\t\t\t\t<\/div>\n\t\t","protected":false},"excerpt":{"rendered":"<p>\u00bfEst\u00e1s listo para vender tu empresa o negocio en Colombia?&nbsp; En MiNegocioVale te ofrecemos una plataforma especializada para publicar tu negocio, atraer interesados y cerrar una venta con respaldo profesional. Plan Destacado Descuento por lanzamiento M\u00e1xima visibilidad y exposici\u00f3n prioritaria Quiero este plan Es el plan m\u00e1s completo, pensado para negocios que quieren destacarse y [&hellip;]<\/p>\n","protected":false},"author":2,"featured_media":0,"parent":0,"menu_order":0,"comment_status":"closed","ping_status":"closed","template":"","meta":{"footnotes":""},"class_list":["post-2922","page","type-page","status-publish","hentry"],"yoast_head":"<!-- This site is optimized with the Yoast SEO plugin v27.5 - https:\/\/yoast.com\/product\/yoast-seo-wordpress\/ -->\n<title>Nuestros Planes - MiNegocioVale<\/title>\n<meta name=\"description\" content=\"Descubre nuestros planes y elige la opci\u00f3n que mejor se adapte a las necesidades de tu negocio. Flexibilidad y beneficios para ti.\" \/>\n<meta name=\"robots\" content=\"index, follow, max-snippet:-1, max-image-preview:large, max-video-preview:-1\" \/>\n<link rel=\"canonical\" href=\"https:\/\/minegociovale.com\/negocios-en-venta\/nuestros-planes\/\" \/>\n<meta property=\"og:locale\" content=\"es_ES\" \/>\n<meta property=\"og:type\" content=\"article\" \/>\n<meta property=\"og:title\" content=\"Nuestros Planes - MiNegocioVale\" \/>\n<meta property=\"og:description\" content=\"Descubre nuestros planes y elige la opci\u00f3n que mejor se adapte a las necesidades de tu negocio. Flexibilidad y beneficios para ti.\" \/>\n<meta property=\"og:url\" content=\"https:\/\/minegociovale.com\/negocios-en-venta\/nuestros-planes\/\" \/>\n<meta property=\"og:site_name\" content=\"MiNegocioVale\" \/>\n<meta property=\"article:modified_time\" content=\"2025-12-01T00:35:03+00:00\" \/>\n<meta name=\"twitter:card\" content=\"summary_large_image\" \/>\n<meta name=\"twitter:label1\" content=\"Tiempo de lectura\" \/>\n\t<meta name=\"twitter:data1\" content=\"1 minuto\" \/>\n<script type=\"application\/ld+json\" class=\"yoast-schema-graph\">{\"@context\":\"https:\\\/\\\/schema.org\",\"@graph\":[{\"@type\":\"WebPage\",\"@id\":\"https:\\\/\\\/minegociovale.com\\\/negocios-en-venta\\\/nuestros-planes\\\/\",\"url\":\"https:\\\/\\\/minegociovale.com\\\/negocios-en-venta\\\/nuestros-planes\\\/\",\"name\":\"Nuestros Planes - MiNegocioVale\",\"isPartOf\":{\"@id\":\"https:\\\/\\\/minegociovale.com\\\/negocios-en-venta\\\/#website\"},\"datePublished\":\"2025-06-23T23:16:19+00:00\",\"dateModified\":\"2025-12-01T00:35:03+00:00\",\"description\":\"Descubre nuestros planes y elige la opci\u00f3n que mejor se adapte a las necesidades de tu negocio. Flexibilidad y beneficios para ti.\",\"breadcrumb\":{\"@id\":\"https:\\\/\\\/minegociovale.com\\\/negocios-en-venta\\\/nuestros-planes\\\/#breadcrumb\"},\"inLanguage\":\"es\",\"potentialAction\":[{\"@type\":\"ReadAction\",\"target\":[\"https:\\\/\\\/minegociovale.com\\\/negocios-en-venta\\\/nuestros-planes\\\/\"]}]},{\"@type\":\"BreadcrumbList\",\"@id\":\"https:\\\/\\\/minegociovale.com\\\/negocios-en-venta\\\/nuestros-planes\\\/#breadcrumb\",\"itemListElement\":[{\"@type\":\"ListItem\",\"position\":1,\"name\":\"Portada\",\"item\":\"https:\\\/\\\/minegociovale.com\\\/negocios-en-venta\\\/\"},{\"@type\":\"ListItem\",\"position\":2,\"name\":\"Nuestros Planes\"}]},{\"@type\":\"WebSite\",\"@id\":\"https:\\\/\\\/minegociovale.com\\\/negocios-en-venta\\\/#website\",\"url\":\"https:\\\/\\\/minegociovale.com\\\/negocios-en-venta\\\/\",\"name\":\"MiNegocioVale\",\"description\":\"El espacio para crecer el valor de tu negocio\",\"publisher\":{\"@id\":\"https:\\\/\\\/minegociovale.com\\\/negocios-en-venta\\\/#organization\"},\"potentialAction\":[{\"@type\":\"SearchAction\",\"target\":{\"@type\":\"EntryPoint\",\"urlTemplate\":\"https:\\\/\\\/minegociovale.com\\\/negocios-en-venta\\\/?s={search_term_string}\"},\"query-input\":{\"@type\":\"PropertyValueSpecification\",\"valueRequired\":true,\"valueName\":\"search_term_string\"}}],\"inLanguage\":\"es\"},{\"@type\":\"Organization\",\"@id\":\"https:\\\/\\\/minegociovale.com\\\/negocios-en-venta\\\/#organization\",\"name\":\"MiNegocioVale\",\"url\":\"https:\\\/\\\/minegociovale.com\\\/negocios-en-venta\\\/\",\"logo\":{\"@type\":\"ImageObject\",\"inLanguage\":\"es\",\"@id\":\"https:\\\/\\\/minegociovale.com\\\/negocios-en-venta\\\/#\\\/schema\\\/logo\\\/image\\\/\",\"url\":\"https:\\\/\\\/minegociovale.com\\\/negocios-en-venta\\\/wp-content\\\/uploads\\\/2025\\\/06\\\/cropped-Logotipo-Color.png\",\"contentUrl\":\"https:\\\/\\\/minegociovale.com\\\/negocios-en-venta\\\/wp-content\\\/uploads\\\/2025\\\/06\\\/cropped-Logotipo-Color.png\",\"width\":1626,\"height\":606,\"caption\":\"MiNegocioVale\"},\"image\":{\"@id\":\"https:\\\/\\\/minegociovale.com\\\/negocios-en-venta\\\/#\\\/schema\\\/logo\\\/image\\\/\"}}]}<\/script>\n<!-- \/ Yoast SEO plugin. -->","yoast_head_json":{"title":"Nuestros Planes - MiNegocioVale","description":"Descubre nuestros planes y elige la opci\u00f3n que mejor se adapte a las necesidades de tu negocio. Flexibilidad y beneficios para ti.","robots":{"index":"index","follow":"follow","max-snippet":"max-snippet:-1","max-image-preview":"max-image-preview:large","max-video-preview":"max-video-preview:-1"},"canonical":"https:\/\/minegociovale.com\/negocios-en-venta\/nuestros-planes\/","og_locale":"es_ES","og_type":"article","og_title":"Nuestros Planes - MiNegocioVale","og_description":"Descubre nuestros planes y elige la opci\u00f3n que mejor se adapte a las necesidades de tu negocio. Flexibilidad y beneficios para ti.","og_url":"https:\/\/minegociovale.com\/negocios-en-venta\/nuestros-planes\/","og_site_name":"MiNegocioVale","article_modified_time":"2025-12-01T00:35:03+00:00","twitter_card":"summary_large_image","twitter_misc":{"Tiempo de lectura":"1 minuto"},"schema":{"@context":"https:\/\/schema.org","@graph":[{"@type":"WebPage","@id":"https:\/\/minegociovale.com\/negocios-en-venta\/nuestros-planes\/","url":"https:\/\/minegociovale.com\/negocios-en-venta\/nuestros-planes\/","name":"Nuestros Planes - MiNegocioVale","isPartOf":{"@id":"https:\/\/minegociovale.com\/negocios-en-venta\/#website"},"datePublished":"2025-06-23T23:16:19+00:00","dateModified":"2025-12-01T00:35:03+00:00","description":"Descubre nuestros planes y elige la opci\u00f3n que mejor se adapte a las necesidades de tu negocio. Flexibilidad y beneficios para ti.","breadcrumb":{"@id":"https:\/\/minegociovale.com\/negocios-en-venta\/nuestros-planes\/#breadcrumb"},"inLanguage":"es","potentialAction":[{"@type":"ReadAction","target":["https:\/\/minegociovale.com\/negocios-en-venta\/nuestros-planes\/"]}]},{"@type":"BreadcrumbList","@id":"https:\/\/minegociovale.com\/negocios-en-venta\/nuestros-planes\/#breadcrumb","itemListElement":[{"@type":"ListItem","position":1,"name":"Portada","item":"https:\/\/minegociovale.com\/negocios-en-venta\/"},{"@type":"ListItem","position":2,"name":"Nuestros Planes"}]},{"@type":"WebSite","@id":"https:\/\/minegociovale.com\/negocios-en-venta\/#website","url":"https:\/\/minegociovale.com\/negocios-en-venta\/","name":"MiNegocioVale","description":"El espacio para crecer el valor de tu negocio","publisher":{"@id":"https:\/\/minegociovale.com\/negocios-en-venta\/#organization"},"potentialAction":[{"@type":"SearchAction","target":{"@type":"EntryPoint","urlTemplate":"https:\/\/minegociovale.com\/negocios-en-venta\/?s={search_term_string}"},"query-input":{"@type":"PropertyValueSpecification","valueRequired":true,"valueName":"search_term_string"}}],"inLanguage":"es"},{"@type":"Organization","@id":"https:\/\/minegociovale.com\/negocios-en-venta\/#organization","name":"MiNegocioVale","url":"https:\/\/minegociovale.com\/negocios-en-venta\/","logo":{"@type":"ImageObject","inLanguage":"es","@id":"https:\/\/minegociovale.com\/negocios-en-venta\/#\/schema\/logo\/image\/","url":"https:\/\/minegociovale.com\/negocios-en-venta\/wp-content\/uploads\/2025\/06\/cropped-Logotipo-Color.png","contentUrl":"https:\/\/minegociovale.com\/negocios-en-venta\/wp-content\/uploads\/2025\/06\/cropped-Logotipo-Color.png","width":1626,"height":606,"caption":"MiNegocioVale"},"image":{"@id":"https:\/\/minegociovale.com\/negocios-en-venta\/#\/schema\/logo\/image\/"}}]}},"jetpack_sharing_enabled":true,"_links":{"self":[{"href":"https:\/\/minegociovale.com\/negocios-en-venta\/wp-json\/wp\/v2\/pages\/2922","targetHints":{"allow":["GET"]}}],"collection":[{"href":"https:\/\/minegociovale.com\/negocios-en-venta\/wp-json\/wp\/v2\/pages"}],"about":[{"href":"https:\/\/minegociovale.com\/negocios-en-venta\/wp-json\/wp\/v2\/types\/page"}],"author":[{"embeddable":true,"href":"https:\/\/minegociovale.com\/negocios-en-venta\/wp-json\/wp\/v2\/users\/2"}],"replies":[{"embeddable":true,"href":"https:\/\/minegociovale.com\/negocios-en-venta\/wp-json\/wp\/v2\/comments?post=2922"}],"version-history":[{"count":9,"href":"https:\/\/minegociovale.com\/negocios-en-venta\/wp-json\/wp\/v2\/pages\/2922\/revisions"}],"predecessor-version":[{"id":3528,"href":"https:\/\/minegociovale.com\/negocios-en-venta\/wp-json\/wp\/v2\/pages\/2922\/revisions\/3528"}],"wp:attachment":[{"href":"https:\/\/minegociovale.com\/negocios-en-venta\/wp-json\/wp\/v2\/media?parent=2922"}],"curies":[{"name":"wp","href":"https:\/\/api.w.org\/{rel}","templated":true}]}}