{"id":17,"date":"2021-09-07T10:57:22","date_gmt":"2021-09-07T10:57:22","guid":{"rendered":"http:\/\/goldenrod-lobster-861682.hostingersite.com\/add-listing\/"},"modified":"2025-07-04T16:58:03","modified_gmt":"2025-07-04T21:58:03","slug":"publica-tu-negocio","status":"publish","type":"page","link":"https:\/\/minegociovale.com\/negocios-en-venta\/publica-tu-negocio\/","title":{"rendered":"A\u00f1adir un anuncio"},"content":{"rendered":"\t\t<div data-elementor-type=\"wp-page\" data-elementor-id=\"17\" class=\"elementor elementor-17\" data-elementor-post-type=\"page\">\n\t\t\t\t\t\t<section class=\"elementor-section elementor-top-section elementor-element elementor-element-1544dfec elementor-section-boxed elementor-section-height-default elementor-section-height-default\" data-id=\"1544dfec\" data-element_type=\"section\" data-e-type=\"section\">\n\t\t\t\t\t\t<div class=\"elementor-container elementor-column-gap-default\">\n\t\t\t\t\t<div class=\"elementor-column elementor-col-100 elementor-top-column elementor-element elementor-element-476a02d7\" data-id=\"476a02d7\" data-element_type=\"column\" data-e-type=\"column\">\n\t\t\t<div class=\"elementor-widget-wrap elementor-element-populated\">\n\t\t\t\t\t\t<div class=\"elementor-element elementor-element-c9525b9 elementor-widget elementor-widget-text-editor\" data-id=\"c9525b9\" data-element_type=\"widget\" data-e-type=\"widget\" data-widget_type=\"text-editor.default\">\n\t\t\t\t<div class=\"elementor-widget-container\">\n\t\t\t\t\t\t\t\t\t<h1 style=\"text-align: center;\">\u00bfEst\u00e1s listo para vender tu empresa o negocio en Colombia?\u00a0<\/h1>\n<h2 style=\"height: 100px; text-align: center;\">En MiNegocioVale te ofrecemos una plataforma especializada para publicar tu negocio, atraer interesados y cerrar una venta con respaldo profesional.<\/h2>\n<p style=\"text-align: center;\">\u00a0<\/p>\n<p style=\"text-align: center;\"><\/p>\n<p><\/p>\t\t\t\t\t\t\t\t<\/div>\n\t\t\t\t<\/div>\n\t\t\t\t<div class=\"elementor-element elementor-element-914b51b elementor-widget elementor-widget-text-editor\" data-id=\"914b51b\" data-element_type=\"widget\" data-e-type=\"widget\" data-widget_type=\"text-editor.default\">\n\t\t\t\t<div class=\"elementor-widget-container\">\n\t\t\t\t\t\t\t\t\t<p style=\"text-align: center;\">                <section class=\"directory_wrapper single_area\">\n                                <div class=\"notice_wrapper\">\n                <div class=\"directorist-alert directorist-alert-warning\"><i class=\"directorist-icon-mask\" aria-hidden=\"true\" style=\"--directorist-icon: url(https:\/\/minegociovale.com\/negocios-en-venta\/wp-content\/plugins\/directorist\/assets\/icons\/line-awesome\/svgs\/info-circle-solid.svg)\"><\/i> Necesita iniciar sesi\u00f3n para ver el contenido de esta p\u00e1gina. Puede iniciar sesi\u00f3n o registrarse en <a href=\"#\" data-bs-toggle=\"modal\" data-bs-target=\"#theme-login-modal\">Aqu\u00ed<\/a>.<\/div>\n            <\/div>\n                            <\/section>\n                <\/p>\t\t\t\t\t\t\t\t<\/div>\n\t\t\t\t<\/div>\n\t\t\t\t\t<\/div>\n\t\t<\/div>\n\t\t\t\t\t<\/div>\n\t\t<\/section>\n\t\t\t\t<\/div>\n\t\t","protected":false},"excerpt":{"rendered":"<p>\u00bfEst\u00e1s listo para vender tu empresa o negocio en Colombia?\u00a0 En MiNegocioVale te ofrecemos una plataforma especializada para publicar tu negocio, atraer interesados y cerrar una venta con respaldo profesional. \u00a0<\/p>\n","protected":false},"author":2,"featured_media":1574,"parent":0,"menu_order":0,"comment_status":"closed","ping_status":"closed","template":"","meta":{"footnotes":""},"class_list":["post-17","page","type-page","status-publish","has-post-thumbnail","hentry"],"yoast_head":"<!-- This site is optimized with the Yoast SEO plugin v27.5 - https:\/\/yoast.com\/product\/yoast-seo-wordpress\/ -->\n<title>A\u00f1adir un anuncio - MiNegocioVale<\/title>\n<meta name=\"description\" content=\"\u00bfQuieres vender tu negocio en Colombia? Publ\u00edcalo f\u00e1cilmente y conecta con compradores calificados. Te acompa\u00f1amos en todo el proceso.\" \/>\n<meta name=\"robots\" content=\"index, follow, max-snippet:-1, max-image-preview:large, max-video-preview:-1\" \/>\n<link rel=\"canonical\" href=\"https:\/\/minegociovale.com\/negocios-en-venta\/publica-tu-negocio\/\" \/>\n<meta property=\"og:locale\" content=\"es_ES\" \/>\n<meta property=\"og:type\" content=\"article\" \/>\n<meta property=\"og:title\" content=\"A\u00f1adir un anuncio - MiNegocioVale\" \/>\n<meta property=\"og:description\" content=\"\u00bfQuieres vender tu negocio en Colombia? Publ\u00edcalo f\u00e1cilmente y conecta con compradores calificados. Te acompa\u00f1amos en todo el proceso.\" \/>\n<meta property=\"og:url\" content=\"https:\/\/minegociovale.com\/negocios-en-venta\/publica-tu-negocio\/\" \/>\n<meta property=\"og:site_name\" content=\"MiNegocioVale\" \/>\n<meta property=\"article:modified_time\" content=\"2025-07-04T21:58:03+00:00\" \/>\n<meta property=\"og:image\" content=\"http:\/\/minegociovale.com\/negocios-en-venta\/wp-content\/uploads\/2025\/05\/Negocios-en-venta-y-para-inversion-4.png\" \/>\n\t<meta property=\"og:image:width\" content=\"1200\" \/>\n\t<meta property=\"og:image:height\" content=\"630\" \/>\n\t<meta property=\"og:image:type\" content=\"image\/png\" \/>\n<meta name=\"twitter:card\" content=\"summary_large_image\" \/>\n<meta name=\"twitter:label1\" content=\"Tiempo de lectura\" \/>\n\t<meta name=\"twitter:data1\" content=\"1 minuto\" \/>\n<script type=\"application\/ld+json\" class=\"yoast-schema-graph\">{\"@context\":\"https:\\\/\\\/schema.org\",\"@graph\":[{\"@type\":\"WebPage\",\"@id\":\"https:\\\/\\\/minegociovale.com\\\/negocios-en-venta\\\/publica-tu-negocio\\\/\",\"url\":\"https:\\\/\\\/minegociovale.com\\\/negocios-en-venta\\\/publica-tu-negocio\\\/\",\"name\":\"A\u00f1adir un anuncio - MiNegocioVale\",\"isPartOf\":{\"@id\":\"https:\\\/\\\/minegociovale.com\\\/negocios-en-venta\\\/#website\"},\"primaryImageOfPage\":{\"@id\":\"https:\\\/\\\/minegociovale.com\\\/negocios-en-venta\\\/publica-tu-negocio\\\/#primaryimage\"},\"image\":{\"@id\":\"https:\\\/\\\/minegociovale.com\\\/negocios-en-venta\\\/publica-tu-negocio\\\/#primaryimage\"},\"thumbnailUrl\":\"https:\\\/\\\/minegociovale.com\\\/negocios-en-venta\\\/wp-content\\\/uploads\\\/2025\\\/05\\\/Negocios-en-venta-y-para-inversion-4.png\",\"datePublished\":\"2021-09-07T10:57:22+00:00\",\"dateModified\":\"2025-07-04T21:58:03+00:00\",\"description\":\"\u00bfQuieres vender tu negocio en Colombia? Publ\u00edcalo f\u00e1cilmente y conecta con compradores calificados. Te acompa\u00f1amos en todo el proceso.\",\"breadcrumb\":{\"@id\":\"https:\\\/\\\/minegociovale.com\\\/negocios-en-venta\\\/publica-tu-negocio\\\/#breadcrumb\"},\"inLanguage\":\"es\",\"potentialAction\":[{\"@type\":\"ReadAction\",\"target\":[\"https:\\\/\\\/minegociovale.com\\\/negocios-en-venta\\\/publica-tu-negocio\\\/\"]}]},{\"@type\":\"ImageObject\",\"inLanguage\":\"es\",\"@id\":\"https:\\\/\\\/minegociovale.com\\\/negocios-en-venta\\\/publica-tu-negocio\\\/#primaryimage\",\"url\":\"https:\\\/\\\/minegociovale.com\\\/negocios-en-venta\\\/wp-content\\\/uploads\\\/2025\\\/05\\\/Negocios-en-venta-y-para-inversion-4.png\",\"contentUrl\":\"https:\\\/\\\/minegociovale.com\\\/negocios-en-venta\\\/wp-content\\\/uploads\\\/2025\\\/05\\\/Negocios-en-venta-y-para-inversion-4.png\",\"width\":1200,\"height\":630,\"caption\":\"Publica tu negocio en venta o para inversi\u00f3n en Colombia\"},{\"@type\":\"BreadcrumbList\",\"@id\":\"https:\\\/\\\/minegociovale.com\\\/negocios-en-venta\\\/publica-tu-negocio\\\/#breadcrumb\",\"itemListElement\":[{\"@type\":\"ListItem\",\"position\":1,\"name\":\"Portada\",\"item\":\"https:\\\/\\\/minegociovale.com\\\/negocios-en-venta\\\/\"},{\"@type\":\"ListItem\",\"position\":2,\"name\":\"A\u00f1adir un anuncio\"}]},{\"@type\":\"WebSite\",\"@id\":\"https:\\\/\\\/minegociovale.com\\\/negocios-en-venta\\\/#website\",\"url\":\"https:\\\/\\\/minegociovale.com\\\/negocios-en-venta\\\/\",\"name\":\"MiNegocioVale\",\"description\":\"El espacio para crecer el valor de tu negocio\",\"publisher\":{\"@id\":\"https:\\\/\\\/minegociovale.com\\\/negocios-en-venta\\\/#organization\"},\"potentialAction\":[{\"@type\":\"SearchAction\",\"target\":{\"@type\":\"EntryPoint\",\"urlTemplate\":\"https:\\\/\\\/minegociovale.com\\\/negocios-en-venta\\\/?s={search_term_string}\"},\"query-input\":{\"@type\":\"PropertyValueSpecification\",\"valueRequired\":true,\"valueName\":\"search_term_string\"}}],\"inLanguage\":\"es\"},{\"@type\":\"Organization\",\"@id\":\"https:\\\/\\\/minegociovale.com\\\/negocios-en-venta\\\/#organization\",\"name\":\"MiNegocioVale\",\"url\":\"https:\\\/\\\/minegociovale.com\\\/negocios-en-venta\\\/\",\"logo\":{\"@type\":\"ImageObject\",\"inLanguage\":\"es\",\"@id\":\"https:\\\/\\\/minegociovale.com\\\/negocios-en-venta\\\/#\\\/schema\\\/logo\\\/image\\\/\",\"url\":\"https:\\\/\\\/minegociovale.com\\\/negocios-en-venta\\\/wp-content\\\/uploads\\\/2025\\\/06\\\/cropped-Logotipo-Color.png\",\"contentUrl\":\"https:\\\/\\\/minegociovale.com\\\/negocios-en-venta\\\/wp-content\\\/uploads\\\/2025\\\/06\\\/cropped-Logotipo-Color.png\",\"width\":1626,\"height\":606,\"caption\":\"MiNegocioVale\"},\"image\":{\"@id\":\"https:\\\/\\\/minegociovale.com\\\/negocios-en-venta\\\/#\\\/schema\\\/logo\\\/image\\\/\"}}]}<\/script>\n<!-- \/ Yoast SEO plugin. -->","yoast_head_json":{"title":"A\u00f1adir un anuncio - MiNegocioVale","description":"\u00bfQuieres vender tu negocio en Colombia? Publ\u00edcalo f\u00e1cilmente y conecta con compradores calificados. Te acompa\u00f1amos en todo el proceso.","robots":{"index":"index","follow":"follow","max-snippet":"max-snippet:-1","max-image-preview":"max-image-preview:large","max-video-preview":"max-video-preview:-1"},"canonical":"https:\/\/minegociovale.com\/negocios-en-venta\/publica-tu-negocio\/","og_locale":"es_ES","og_type":"article","og_title":"A\u00f1adir un anuncio - MiNegocioVale","og_description":"\u00bfQuieres vender tu negocio en Colombia? Publ\u00edcalo f\u00e1cilmente y conecta con compradores calificados. Te acompa\u00f1amos en todo el proceso.","og_url":"https:\/\/minegociovale.com\/negocios-en-venta\/publica-tu-negocio\/","og_site_name":"MiNegocioVale","article_modified_time":"2025-07-04T21:58:03+00:00","og_image":[{"width":1200,"height":630,"url":"http:\/\/minegociovale.com\/negocios-en-venta\/wp-content\/uploads\/2025\/05\/Negocios-en-venta-y-para-inversion-4.png","type":"image\/png"}],"twitter_card":"summary_large_image","twitter_misc":{"Tiempo de lectura":"1 minuto"},"schema":{"@context":"https:\/\/schema.org","@graph":[{"@type":"WebPage","@id":"https:\/\/minegociovale.com\/negocios-en-venta\/publica-tu-negocio\/","url":"https:\/\/minegociovale.com\/negocios-en-venta\/publica-tu-negocio\/","name":"A\u00f1adir un anuncio - MiNegocioVale","isPartOf":{"@id":"https:\/\/minegociovale.com\/negocios-en-venta\/#website"},"primaryImageOfPage":{"@id":"https:\/\/minegociovale.com\/negocios-en-venta\/publica-tu-negocio\/#primaryimage"},"image":{"@id":"https:\/\/minegociovale.com\/negocios-en-venta\/publica-tu-negocio\/#primaryimage"},"thumbnailUrl":"https:\/\/minegociovale.com\/negocios-en-venta\/wp-content\/uploads\/2025\/05\/Negocios-en-venta-y-para-inversion-4.png","datePublished":"2021-09-07T10:57:22+00:00","dateModified":"2025-07-04T21:58:03+00:00","description":"\u00bfQuieres vender tu negocio en Colombia? Publ\u00edcalo f\u00e1cilmente y conecta con compradores calificados. Te acompa\u00f1amos en todo el proceso.","breadcrumb":{"@id":"https:\/\/minegociovale.com\/negocios-en-venta\/publica-tu-negocio\/#breadcrumb"},"inLanguage":"es","potentialAction":[{"@type":"ReadAction","target":["https:\/\/minegociovale.com\/negocios-en-venta\/publica-tu-negocio\/"]}]},{"@type":"ImageObject","inLanguage":"es","@id":"https:\/\/minegociovale.com\/negocios-en-venta\/publica-tu-negocio\/#primaryimage","url":"https:\/\/minegociovale.com\/negocios-en-venta\/wp-content\/uploads\/2025\/05\/Negocios-en-venta-y-para-inversion-4.png","contentUrl":"https:\/\/minegociovale.com\/negocios-en-venta\/wp-content\/uploads\/2025\/05\/Negocios-en-venta-y-para-inversion-4.png","width":1200,"height":630,"caption":"Publica tu negocio en venta o para inversi\u00f3n en Colombia"},{"@type":"BreadcrumbList","@id":"https:\/\/minegociovale.com\/negocios-en-venta\/publica-tu-negocio\/#breadcrumb","itemListElement":[{"@type":"ListItem","position":1,"name":"Portada","item":"https:\/\/minegociovale.com\/negocios-en-venta\/"},{"@type":"ListItem","position":2,"name":"A\u00f1adir un anuncio"}]},{"@type":"WebSite","@id":"https:\/\/minegociovale.com\/negocios-en-venta\/#website","url":"https:\/\/minegociovale.com\/negocios-en-venta\/","name":"MiNegocioVale","description":"El espacio para crecer el valor de tu negocio","publisher":{"@id":"https:\/\/minegociovale.com\/negocios-en-venta\/#organization"},"potentialAction":[{"@type":"SearchAction","target":{"@type":"EntryPoint","urlTemplate":"https:\/\/minegociovale.com\/negocios-en-venta\/?s={search_term_string}"},"query-input":{"@type":"PropertyValueSpecification","valueRequired":true,"valueName":"search_term_string"}}],"inLanguage":"es"},{"@type":"Organization","@id":"https:\/\/minegociovale.com\/negocios-en-venta\/#organization","name":"MiNegocioVale","url":"https:\/\/minegociovale.com\/negocios-en-venta\/","logo":{"@type":"ImageObject","inLanguage":"es","@id":"https:\/\/minegociovale.com\/negocios-en-venta\/#\/schema\/logo\/image\/","url":"https:\/\/minegociovale.com\/negocios-en-venta\/wp-content\/uploads\/2025\/06\/cropped-Logotipo-Color.png","contentUrl":"https:\/\/minegociovale.com\/negocios-en-venta\/wp-content\/uploads\/2025\/06\/cropped-Logotipo-Color.png","width":1626,"height":606,"caption":"MiNegocioVale"},"image":{"@id":"https:\/\/minegociovale.com\/negocios-en-venta\/#\/schema\/logo\/image\/"}}]}},"jetpack_sharing_enabled":true,"_links":{"self":[{"href":"https:\/\/minegociovale.com\/negocios-en-venta\/wp-json\/wp\/v2\/pages\/17","targetHints":{"allow":["GET"]}}],"collection":[{"href":"https:\/\/minegociovale.com\/negocios-en-venta\/wp-json\/wp\/v2\/pages"}],"about":[{"href":"https:\/\/minegociovale.com\/negocios-en-venta\/wp-json\/wp\/v2\/types\/page"}],"author":[{"embeddable":true,"href":"https:\/\/minegociovale.com\/negocios-en-venta\/wp-json\/wp\/v2\/users\/2"}],"replies":[{"embeddable":true,"href":"https:\/\/minegociovale.com\/negocios-en-venta\/wp-json\/wp\/v2\/comments?post=17"}],"version-history":[{"count":0,"href":"https:\/\/minegociovale.com\/negocios-en-venta\/wp-json\/wp\/v2\/pages\/17\/revisions"}],"wp:featuredmedia":[{"embeddable":true,"href":"https:\/\/minegociovale.com\/negocios-en-venta\/wp-json\/wp\/v2\/media\/1574"}],"wp:attachment":[{"href":"https:\/\/minegociovale.com\/negocios-en-venta\/wp-json\/wp\/v2\/media?parent=17"}],"curies":[{"name":"wp","href":"https:\/\/api.w.org\/{rel}","templated":true}]}}