{"id":1471,"date":"2025-06-04T15:56:19","date_gmt":"2025-06-04T20:56:19","guid":{"rendered":"http:\/\/goldenrod-lobster-861682.hostingersite.com\/sign-in-3\/"},"modified":"2025-07-21T17:28:53","modified_gmt":"2025-07-21T22:28:53","slug":"sign-in-3-2","status":"publish","type":"page","link":"https:\/\/minegociovale.com\/negocios-en-venta\/sign-in-3-2\/","title":{"rendered":"Iniciar sesi\u00f3n"},"content":{"rendered":"<div class=\"directorist-w-100\">\n    <div class=\"directorist-container-fluid\">\n        <div class=\"directorist-row\">\n            <div class=\"directorist-col-md-6 directorist-offset-md-3 directorist-login-wrapper directorist-authentication active\">\n                <div class=\"atbdp_login_form_shortcode directorist-authentication__form\">\n\n                    \n                    \n                    \n                                            <form action=\"#\" id=\"directorist__authentication__login\" method=\"POST\" class=\"directorist__authentication__signin\">\n                            <p class=\"status\"><\/p>\n                            <div class=\"directorist-form-group directorist-mb-15\">\n                                <label for=\"directorist__authentication__signin__username\">Nombre de usuario o email<\/label>\n                                <input type=\"text\" class=\"directorist-form-element\" id=\"username\" name=\"username\" \/>\n                            <\/div>\n\n                            <div class=\"directorist-form-group directorist-password-group\">\n                                <label for=\"directorist__authentication__signin__password\">Contrase\u00f1a<\/label>\n                                <input type=\"password\" id=\"password\" autocomplete=\"off\" name=\"password\" class=\"directorist-form-element directorist-password-group-input\"\/>\n                                <span class=\"directorist-password-group-toggle\">\n                                    <svg class=\"directorist-password-group-eyeIcon\" xmlns=\"http:\/\/www.w3.org\/2000\/svg\" width=\"22\" height=\"22\" fill=\"none\" viewBox=\"0 0 24 24\">\n                                        <path stroke=\"#888\" stroke-width=\"2\" d=\"M1.5 12S5.5 5.5 12 5.5 22.5 12 22.5 12 18.5 18.5 12 18.5 1.5 12 1.5 12Z\"\/>\n                                        <circle cx=\"12\" cy=\"12\" r=\"3.5\" stroke=\"#888\" stroke-width=\"2\"\/>\n                                    <\/svg>\n                                <\/span>\n                            <\/div>\n                            <div class=\"directorist-authentication__form__actions\">\n\n                                                                    <div class=\"keep_signed directorist-checkbox\">\n                                        <input type=\"checkbox\" id=\"directorist_login_keep_signed_in\" value=\"1\" name=\"keep_signed_in\" checked \/>\n                                        <label for=\"directorist_login_keep_signed_in\" class=\"directorist-checkbox__label not_empty\">\n                                            Recu\u00e9rdame                                        <\/label>\n                                    <\/div>\n                                \n                                <a href='' class='atbdp_recovery_pass'> Recuperar contrase\u00f1a<\/a>                            <\/div>\n\n                            <div class=\"directorist-form-group atbd_login_btn_wrapper directorist-mb-15 directorist-authentication__form__btn-wrapper\">\n                                <button class=\"directorist-btn directorist-btn-block directorist-authentication__form__btn\" type=\"submit\" value=\"Login\" name=\"submit\" aria-label=\"Signin Button\">Login<\/button>\n                                <input type=\"hidden\" id=\"security\" name=\"security\" value=\"9c547cde53\" \/><input type=\"hidden\" name=\"_wp_http_referer\" value=\"\/negocios-en-venta\/wp-json\/wp\/v2\/pages\/1471\" \/>                            <\/div>\n                        <\/form>\n\n                        <div class=\"atbd_social_login\">\n                                        <button type=\"button\" disabled class=\"btn fb-login az-fb-login-btn\">\n                <span class=\"azbdp-fb-loading\"><span class=\"fas fa-spin fa-spinner\"><\/span><\/span>\n                <img decoding=\"async\" src=\"https:\/\/minegociovale.com\/negocios-en-venta\/wp-content\/plugins\/directorist-social-login\/assets\/public\/images\/facebook-icon.png\" alt=\"Facebook Icon\"\/> Continue With Facebook            <\/button>\n\n            <div id=\"g_id_onload\"\n                data-client_id=\"118744747256-9avoh8lokse7orfd5rv63mom6cn1007c.apps.googleusercontent.com\"\n                data-context=\"signin\"\n                data-wpnonce=\"b81789eae6\"\n                data-auto_prompt=\"false\"\n                data-ux_mode=\"popup\"\n                data-login_uri=\"https:\/\/minegociovale.com\/negocios-en-venta\/mi-cuenta\/?directorist-google-login\"\n                data-itp_support=\"true\">\n            <\/div>\n\n            <div class=\"g_id_signin\"\n                data-type=\"standard\"\n                data-client_id=\"118744747256-9avoh8lokse7orfd5rv63mom6cn1007c.apps.googleusercontent.com\"\n                data-shape=\"rectangular\"\n                data-wpnonce=\"b81789eae6\"\n                data-login_uri=\"https:\/\/minegociovale.com\/negocios-en-venta\/mi-cuenta\/?directorist-google-login\"\n                data-theme=\"filled_blue\"\n                data-text=\"continue_with\"\n                data-size=\"large\"\n                data-width=\"275\"\n                data-logo_alignment=\"left\">\n            <\/div>\n                                    <\/div>\n\n                                                    <div class=\"directorist-authentication__form__toggle-area\">\n                                \u00bfNo tiene una cuenta?                                <button class=\"directorist-authentication__btn directorist-authentication__btn--signup\" aria-label=\"Signup Button\">Registrarme<\/button>\n                            <\/div>\n                        \n                        \n                        <div id=\"recover-pass-modal\" class=\"directorist-mt-15 directorist-authentication__form__recover-pass-modal\">\n                            <form action=\"#\" method=\"post\">\n                                <fieldset class=\"directorist-form-group\">\n                                    <p>\u00bfPerdiste tu contrase\u00f1a? Introduce tu correo electr\u00f3nico. Recibir\u00e1s un enlace para crear una nueva contrase\u00f1a por correo electr\u00f3nico.<\/p>\n                                    <label for=\"reset_user_login\">Email<\/label>\n                                    <input type=\"text\" class=\"directorist-mb-15 directorist-form-element\" name=\"user_login\" id=\"reset_user_login\" value=\"\" placeholder=\"eg. mail@example.com\" required=\"required\" \/>\n                                    <div class=\"directorist-authentication__form__btn-wrapper\">\n                                        <input type=\"hidden\" name=\"action\" value=\"reset\" \/>\n                                        <button type=\"submit\" class=\"directorist-btn directorist-authentication__form__btn\" id=\"directorist__authentication__submit\" aria-label=\"Recover Password Button\">Obtener nueva contrase\u00f1a<\/button>\n                                        <input type=\"hidden\" value=\"0b92696e7f\" name=\"directorist_nonce\">\n                                    <\/div>\n                                <\/fieldset>\n                            <\/form>\n                        <\/div>\n                                    <\/div><!-- \/.atbdp_login_form_shortcode -->\n            <\/div>\n\n                        <div class=\"directorist-col-md-6 directorist-offset-md-3 directorist-registration-wrapper directorist-authentication \">\n                <div class=\"directory_register_form_wrap directorist-authentication__form\">\n                    <div class=\"add_listing_title atbd_success_mesage directorist-authentication__message\">\n                                                <!--Registration failed, so show notification.-->\n                        <p style=\"padding: 20px; display:none;\" class=\"alert-danger directorist-register-error\"><i class=\"directorist-icon-mask\" aria-hidden=\"true\" style=\"--directorist-icon: url(https:\/\/minegociovale.com\/negocios-en-venta\/wp-content\/plugins\/directorist\/assets\/icons\/line-awesome\/svgs\/exclamation-triangle-solid.svg)\"><\/i><\/p>\n                    <\/div>\n                    <form action=\"#\" method=\"post\" class=\"directorist__authentication__signup\">\n                        <div class=\"directorist-form-group directorist-mb-35\">\n                            <label for=\"directorist__authentication__signup__username\">Nombre de usuario <strong class=\"directorist-form-required\">*<\/strong><\/label>\n                            <input id=\"directorist__authentication__signup__username\" class=\"directorist-form-element\" type=\"text\" name=\"username\" value=\"\" required>\n                        <\/div>\n                        <div class=\"directorist-form-group directorist-mb-35\">\n                            <label for=\"directorist__authentication__signup__email\">Email <strong class=\"directorist-form-required\">*<\/strong><\/label>\n                            <input id=\"directorist__authentication__signup__email\" class=\"directorist-form-element\" type=\"text\" name=\"email\" value=\"\" required>\n                        <\/div>\n                                                    <div class=\"directorist-form-group directorist-mb-35\">\n                                <label for=\"directorist__authentication__signup__password\">Contrase\u00f1a<strong class=\"directorist-form-required\">*<\/strong><\/label>\n                                <input id=\"directorist__authentication__signup__password\" class=\"directorist-form-element\" type=\"password\" name=\"password\" value=\"\" required>\n                            <\/div>\n                                                                        <div class=\"directorist-form-group directorist-mb-35\">\n                            <label for=\"directorist__authentication__signup__fname\">Nombre<\/label>\n                            <input id=\"directorist__authentication__signup__fname\" class=\"directorist-form-element\" type=\"text\" name=\"fname\" value=\"\" >\n                        <\/div>\n                                                                        <div class=\"directorist-form-group directorist-mb-35\">\n                            <label for=\"directorist__authentication__signup__lname\">Apellido<\/label>\n                            <input class=\"directorist-form-element\" id=\"directorist__authentication__signup__lname\" type=\"text\" name=\"lname\" value=\"\" >\n                        <\/div>\n                                                                        \n                        \n                                                    <div class=\"atbd_privacy_policy_area directory_regi_btn directorist-checkbox directorist-mb-20\">\n                                <input id=\"directorist__authentication__signup__privacy_policy\" type=\"checkbox\" name=\"privacy_policy\" >\n                                <label for=\"directorist__authentication__signup__privacy_policy\" class=\"directorist-checkbox__label\">Estoy de acuerdo con la <a style=\"color: red\" target=\"_blank\" href=\"https:\/\/minegociovale.com\/negocios-en-venta\/?page_id=29\">Pol\u00edtica de privacidad<\/a> <span class=\"directorist-form-required\">*<\/span><\/label>\n                            <\/div>\n                                                                            <div class=\"atbd_term_and_condition_area directory_regi_btn directorist-checkbox directorist-mb-30\">\n                                <input id=\"directorist__authentication__signup__listing_t\" type=\"checkbox\" name=\"t_c_check\" >\n                                <label for=\"directorist__authentication__signup__listing_t\" class=\"directorist-checkbox__label\">Estoy de acuerdo con todos los                                    <a style=\"color: red\" target=\"_blank\" href=\"\">T\u00e9rminos y condiciones<\/a> <span class=\"directorist-form-required\">*<\/span><\/label>\n                            <\/div>\n                        \n                                                <div class=\"directory_regi_btn directorist-mb-15\">\n                                                        <input type=\"hidden\" value=\"0b92696e7f\" name=\"directorist_nonce\">\n                            <a class=\"directorist-btn directorist-authentication__form__btn\" href=\"#\">Registrarme<\/a>\n                        <\/div>\n                        <div class=\"directory_regi_btn directorist-authentication__form__toggle-area\">\n                            <p>\u00bfYa tienes una cuenta? Inicia sesi\u00f3n <button class=\"directorist-authentication__btn directorist-authentication__btn--signin\">Aqu\u00ed<\/button><\/p>\n                        <\/div>\n                    <\/form>\n                <\/div>\n            <\/div>\n                    <\/div>\n    <\/div>\n<\/div>\n","protected":false},"excerpt":{"rendered":"","protected":false},"author":2,"featured_media":0,"parent":0,"menu_order":0,"comment_status":"closed","ping_status":"closed","template":"","meta":{"footnotes":""},"class_list":["post-1471","page","type-page","status-publish","hentry"],"yoast_head":"<!-- This site is optimized with the Yoast SEO plugin v27.5 - https:\/\/yoast.com\/product\/yoast-seo-wordpress\/ -->\n<title>Iniciar sesi\u00f3n - MiNegocioVale<\/title>\n<meta name=\"robots\" content=\"index, follow, max-snippet:-1, max-image-preview:large, max-video-preview:-1\" \/>\n<link rel=\"canonical\" href=\"https:\/\/minegociovale.com\/negocios-en-venta\/sign-in-3-2\/\" \/>\n<meta property=\"og:locale\" content=\"es_ES\" \/>\n<meta property=\"og:type\" content=\"article\" \/>\n<meta property=\"og:title\" content=\"Iniciar sesi\u00f3n - MiNegocioVale\" \/>\n<meta property=\"og:url\" content=\"https:\/\/minegociovale.com\/negocios-en-venta\/sign-in-3-2\/\" \/>\n<meta property=\"og:site_name\" content=\"MiNegocioVale\" \/>\n<meta property=\"article:modified_time\" content=\"2025-07-21T22:28:53+00:00\" \/>\n<meta name=\"twitter:card\" content=\"summary_large_image\" \/>\n<meta name=\"twitter:label1\" content=\"Tiempo de lectura\" \/>\n\t<meta name=\"twitter:data1\" content=\"1 minuto\" \/>\n<script type=\"application\/ld+json\" class=\"yoast-schema-graph\">{\"@context\":\"https:\\\/\\\/schema.org\",\"@graph\":[{\"@type\":\"WebPage\",\"@id\":\"https:\\\/\\\/minegociovale.com\\\/negocios-en-venta\\\/sign-in-3-2\\\/\",\"url\":\"https:\\\/\\\/minegociovale.com\\\/negocios-en-venta\\\/sign-in-3-2\\\/\",\"name\":\"Iniciar sesi\u00f3n - MiNegocioVale\",\"isPartOf\":{\"@id\":\"https:\\\/\\\/minegociovale.com\\\/negocios-en-venta\\\/#website\"},\"datePublished\":\"2025-06-04T20:56:19+00:00\",\"dateModified\":\"2025-07-21T22:28:53+00:00\",\"breadcrumb\":{\"@id\":\"https:\\\/\\\/minegociovale.com\\\/negocios-en-venta\\\/sign-in-3-2\\\/#breadcrumb\"},\"inLanguage\":\"es\",\"potentialAction\":[{\"@type\":\"ReadAction\",\"target\":[\"https:\\\/\\\/minegociovale.com\\\/negocios-en-venta\\\/sign-in-3-2\\\/\"]}]},{\"@type\":\"BreadcrumbList\",\"@id\":\"https:\\\/\\\/minegociovale.com\\\/negocios-en-venta\\\/sign-in-3-2\\\/#breadcrumb\",\"itemListElement\":[{\"@type\":\"ListItem\",\"position\":1,\"name\":\"Portada\",\"item\":\"https:\\\/\\\/minegociovale.com\\\/negocios-en-venta\\\/\"},{\"@type\":\"ListItem\",\"position\":2,\"name\":\"Iniciar sesi\u00f3n\"}]},{\"@type\":\"WebSite\",\"@id\":\"https:\\\/\\\/minegociovale.com\\\/negocios-en-venta\\\/#website\",\"url\":\"https:\\\/\\\/minegociovale.com\\\/negocios-en-venta\\\/\",\"name\":\"MiNegocioVale\",\"description\":\"El espacio para crecer el valor de tu negocio\",\"publisher\":{\"@id\":\"https:\\\/\\\/minegociovale.com\\\/negocios-en-venta\\\/#organization\"},\"potentialAction\":[{\"@type\":\"SearchAction\",\"target\":{\"@type\":\"EntryPoint\",\"urlTemplate\":\"https:\\\/\\\/minegociovale.com\\\/negocios-en-venta\\\/?s={search_term_string}\"},\"query-input\":{\"@type\":\"PropertyValueSpecification\",\"valueRequired\":true,\"valueName\":\"search_term_string\"}}],\"inLanguage\":\"es\"},{\"@type\":\"Organization\",\"@id\":\"https:\\\/\\\/minegociovale.com\\\/negocios-en-venta\\\/#organization\",\"name\":\"MiNegocioVale\",\"url\":\"https:\\\/\\\/minegociovale.com\\\/negocios-en-venta\\\/\",\"logo\":{\"@type\":\"ImageObject\",\"inLanguage\":\"es\",\"@id\":\"https:\\\/\\\/minegociovale.com\\\/negocios-en-venta\\\/#\\\/schema\\\/logo\\\/image\\\/\",\"url\":\"https:\\\/\\\/minegociovale.com\\\/negocios-en-venta\\\/wp-content\\\/uploads\\\/2025\\\/06\\\/cropped-Logotipo-Color.png\",\"contentUrl\":\"https:\\\/\\\/minegociovale.com\\\/negocios-en-venta\\\/wp-content\\\/uploads\\\/2025\\\/06\\\/cropped-Logotipo-Color.png\",\"width\":1626,\"height\":606,\"caption\":\"MiNegocioVale\"},\"image\":{\"@id\":\"https:\\\/\\\/minegociovale.com\\\/negocios-en-venta\\\/#\\\/schema\\\/logo\\\/image\\\/\"}}]}<\/script>\n<!-- \/ Yoast SEO plugin. -->","yoast_head_json":{"title":"Iniciar sesi\u00f3n - MiNegocioVale","robots":{"index":"index","follow":"follow","max-snippet":"max-snippet:-1","max-image-preview":"max-image-preview:large","max-video-preview":"max-video-preview:-1"},"canonical":"https:\/\/minegociovale.com\/negocios-en-venta\/sign-in-3-2\/","og_locale":"es_ES","og_type":"article","og_title":"Iniciar sesi\u00f3n - MiNegocioVale","og_url":"https:\/\/minegociovale.com\/negocios-en-venta\/sign-in-3-2\/","og_site_name":"MiNegocioVale","article_modified_time":"2025-07-21T22:28:53+00:00","twitter_card":"summary_large_image","twitter_misc":{"Tiempo de lectura":"1 minuto"},"schema":{"@context":"https:\/\/schema.org","@graph":[{"@type":"WebPage","@id":"https:\/\/minegociovale.com\/negocios-en-venta\/sign-in-3-2\/","url":"https:\/\/minegociovale.com\/negocios-en-venta\/sign-in-3-2\/","name":"Iniciar sesi\u00f3n - MiNegocioVale","isPartOf":{"@id":"https:\/\/minegociovale.com\/negocios-en-venta\/#website"},"datePublished":"2025-06-04T20:56:19+00:00","dateModified":"2025-07-21T22:28:53+00:00","breadcrumb":{"@id":"https:\/\/minegociovale.com\/negocios-en-venta\/sign-in-3-2\/#breadcrumb"},"inLanguage":"es","potentialAction":[{"@type":"ReadAction","target":["https:\/\/minegociovale.com\/negocios-en-venta\/sign-in-3-2\/"]}]},{"@type":"BreadcrumbList","@id":"https:\/\/minegociovale.com\/negocios-en-venta\/sign-in-3-2\/#breadcrumb","itemListElement":[{"@type":"ListItem","position":1,"name":"Portada","item":"https:\/\/minegociovale.com\/negocios-en-venta\/"},{"@type":"ListItem","position":2,"name":"Iniciar sesi\u00f3n"}]},{"@type":"WebSite","@id":"https:\/\/minegociovale.com\/negocios-en-venta\/#website","url":"https:\/\/minegociovale.com\/negocios-en-venta\/","name":"MiNegocioVale","description":"El espacio para crecer el valor de tu negocio","publisher":{"@id":"https:\/\/minegociovale.com\/negocios-en-venta\/#organization"},"potentialAction":[{"@type":"SearchAction","target":{"@type":"EntryPoint","urlTemplate":"https:\/\/minegociovale.com\/negocios-en-venta\/?s={search_term_string}"},"query-input":{"@type":"PropertyValueSpecification","valueRequired":true,"valueName":"search_term_string"}}],"inLanguage":"es"},{"@type":"Organization","@id":"https:\/\/minegociovale.com\/negocios-en-venta\/#organization","name":"MiNegocioVale","url":"https:\/\/minegociovale.com\/negocios-en-venta\/","logo":{"@type":"ImageObject","inLanguage":"es","@id":"https:\/\/minegociovale.com\/negocios-en-venta\/#\/schema\/logo\/image\/","url":"https:\/\/minegociovale.com\/negocios-en-venta\/wp-content\/uploads\/2025\/06\/cropped-Logotipo-Color.png","contentUrl":"https:\/\/minegociovale.com\/negocios-en-venta\/wp-content\/uploads\/2025\/06\/cropped-Logotipo-Color.png","width":1626,"height":606,"caption":"MiNegocioVale"},"image":{"@id":"https:\/\/minegociovale.com\/negocios-en-venta\/#\/schema\/logo\/image\/"}}]}},"jetpack_sharing_enabled":true,"_links":{"self":[{"href":"https:\/\/minegociovale.com\/negocios-en-venta\/wp-json\/wp\/v2\/pages\/1471","targetHints":{"allow":["GET"]}}],"collection":[{"href":"https:\/\/minegociovale.com\/negocios-en-venta\/wp-json\/wp\/v2\/pages"}],"about":[{"href":"https:\/\/minegociovale.com\/negocios-en-venta\/wp-json\/wp\/v2\/types\/page"}],"author":[{"embeddable":true,"href":"https:\/\/minegociovale.com\/negocios-en-venta\/wp-json\/wp\/v2\/users\/2"}],"replies":[{"embeddable":true,"href":"https:\/\/minegociovale.com\/negocios-en-venta\/wp-json\/wp\/v2\/comments?post=1471"}],"version-history":[{"count":0,"href":"https:\/\/minegociovale.com\/negocios-en-venta\/wp-json\/wp\/v2\/pages\/1471\/revisions"}],"wp:attachment":[{"href":"https:\/\/minegociovale.com\/negocios-en-venta\/wp-json\/wp\/v2\/media?parent=1471"}],"curies":[{"name":"wp","href":"https:\/\/api.w.org\/{rel}","templated":true}]}}